 + 3).
5
Let u be (4/(-6))/(2/3). Let n(p) = 14*p**2 - p - 1. What is the remainder when 12/(14/(-20) - u) is divided by n(-1)?
12
Suppose 2*r + 18 = 20. What is the remainder when 3 is divided by r?
0
Let b(d) = -6*d - 3. Calculate the remainder when 12 is divided by b(-2).
3
Let d(q) = 5*q**3 - q**2 - 2*q. Suppose 2 + 1 = -p. Let c(j) = 2*j**2 + j + 2. What is the remainder when d(2) is divided by c(p)?
15
Suppose 6*c - 258 = 3*c. Suppose 0 = 4*w - 132 + 44. What is the remainder when c is divided by w?
20
Let p(q) = -3*q - 8. Let a(c) = 1. Let x(k) = -4*a(k) - p(k). Suppose -6 = -2*h - 0. Calculate the remainder when 37 is divided by x(h).
11
Let z be 74/10 - (-4)/(-10). Suppose 0 = -5*k - 2*w - 8, -2*w = -z*w + 5. What is the remainder when 21 is divided by k/4 + 26/4?
3
Suppose 0 = -2*l + 6, 5*u - 10 = 5*l. Let z(t) = -1 + u*t - t - 1 - 3*t. Calculate the remainder when 8 is divided by z(5).
2
Suppose 281 = 6*j - 61. What is the remainder when j is divided by 12?
9
Suppose 3*d - 44 = 2*c, 9*d + 2*c = 4*d + 100. What is the remainder when 34 is divided by d?
16
Let i(y) = 5*y**3 + y. Let g be i(1). Let l(o) = o**3 - 5*o**2 - 3*o - 3. What is the remainder when 28 is divided by l(g)?
13
Let l = 17 + 30. What is the remainder when l is divided by 25?
22
Let c(p) = -2*p + 3. Let j be c(6). What is the remainder when (0 - 5)*(-32)/10 is divided by 12/j*(-9)/2?
4
Suppose 5*r = -5*q + 195, -139 = -3*q - 4*r - 21. What is the remainder when q is divided by 14?
10
Let q be (-2)/5 - 4/(-10). Suppose -n + q*n = -3. Suppose l = s + 4*l - 36, 156 = 5*s + n*l. Calculate the remainder when s is divided by 16.
14
Calculate the remainder when -166*(-4 - 28/(-8)) is divided by 21.
20
Suppose -4*p + 2*p - 122 = 0. Calculate the remainder when (-42)/14*p/3 is divided by 16.
13
Let p = -203 + 288. Suppose -p = 2*j - 7*j. Let c = -10 - -16. Calculate the remainder when j is divided by c.
5
Let w(o) = 5*o - 4. Let m(b) = b**2 - 11*b - 7. Let d be m(12). Calculate the remainder when w(d) is divided by 6.
3
Suppose -n = 3*n - 44. Suppose 95 = 5*u - 2*t, -2*u + 3*t + 28 = 1. Calculate the remainder when u is divided by n.
10
Suppose 4*v + 15 = 107. Suppose 0 = -6*b + 3*b + 36. What is the remainder when v is divided by b?
11
Suppose 6*x - t - 106 = x, 3*x + 5*t = 58. What is the remainder when x is divided by 4?
1
Let m(x) = -x**3 + 6*x**2 + x - 4. Let v be m(6). Suppose 2*j + v*z = 10 + 4, -3*j + 5 = -z. What is the remainder when 41 is divided by 28*(j - 2)/2?
13
Let i = -15 - -23. What is the remainder when 15 is divided by i?
7
Let l be 47*((-1)/1 + 2). Let q = 87 - l. Let i = 13 + q. Calculate the remainder when i is divided by 18.
17
Suppose 2*z - 4 - 1 = 5*w, -5*z + 28 = 3*w. What is the remainder when (48/(-40))/(w/(-5)) is divided by 2?
0
Suppose 0 = -n + 2 - 3. Calculate the remainder when (2 + 0 - n)*1 is divided by 1.
0
Let r = -4 - -7. Suppose 0 = r*i + 11 - 41. What is the remainder when 18 is divided by i?
8
Let m(s) = s**3 + 8*s**2 - 9*s + 7. Suppose -3*l = -4*y - 33, 0*l + 4 = -4*l. Calculate the remainder when 18 is divided by m(y).
4
Let k = 3 - 0. Let q be (-10 - k)/(-1 - 0). Calculate the remainder when 25 is divided by (q/(-2))/(2/(-4)).
12
Let j = -11 - 10. What is the remainder when 5 is divided by 6/21 - 57/j?
2
Suppose 3*c - 4*z = 44, 4*z - 2*z + 62 = 4*c. What is the remainder when 47 is divided by c?
15
Let y(x) = 7*x**3 + x**2 - 3*x - 2. Calculate the remainder when y(2) is divided by 20.
12
Let o(u) be the second derivative of -5*u**3/6 - 3*u**2/2 + 2*u. Let p = 19 - 7. What is the remainder when o(-5) is divided by p?
10
Let j be 3/3 + (0 - -1). Suppose 4*p = j*p + 10. Suppose 5*b = 3*k - 32, 0 = -k + 2*b + 1 + 9. Calculate the remainder when k is divided by p.
4
Suppose 2*f - 88 = 2*g, g - 24 - 12 = -f. Calculate the remainder when f is divided by -2 + 1 - (-18 + -4).
19
Let u(o) = -5*o - 16. Calculate the remainder when u(-9) is divided by 11.
7
Let l be 50 - (-4)/10*-5. Let z = 18 + l. What is the remainder when z is divided by 23?
20
Let j be (8 + -10)*(-5)/2. Suppose -j*a = -w - 250, 4*a + a + 3*w - 230 = 0. Calculate the remainder when a is divided by 26.
23
Let x = 5 + -1. Suppose -x*u - 54 = 66. Let j = 49 + u. What is the remainder when j is divided by 7?
5
Let f(w) = w**2 + 23*w - 91. What is the remainder when 101 is divided by f(-27)?
16
Suppose 11*a = 14*a - 300. Calculate the remainder when a is divided by 28.
16
Suppose 91 + 14 = 5*f. What is the remainder when 82 is divided by f?
19
Suppose 42 = 3*k - 5*m, 7*k - 2*k - 4*m - 70 = 0. Calculate the remainder when 39 is divided by k.
11
Let n(t) = -17*t + 6. Calculate the remainder when n(-3) is divided by 20.
17
Suppose 4*t - 7 = 13. Suppose -17 = t*v - 47. Suppose 0 = -y - 5*o + v*o + 20, -125 = -4*y - 5*o. Calculate the remainder when y is divided by 13.
12
Let q(i) = -3*i - 2. Let o be q(-2). Suppose o*m - 34 = 2*m. Calculate the remainder when 49 is divided by m.
15
Let v = -3 - 4. Let a(h) = -3*h - 9. Calculate the remainder when (-98)/(-3) + 1/3 is divided by a(v).
9
Let m be (-3 + 39)*(0 - 1). Let u be (1 + 2)/(-2 - -3). Calculate the remainder when (5/u)/((-2)/m) is divided by 11.
8
Suppose 140 + 10 = 3*i. Calculate the remainder when i is divided by 17.
16
Suppose 0 = -t + 57 - 17. Let k = 63 - t. What is the remainder when k is divided by 12?
11
Let n = -55 - -47. Let g be -2*1*10/4. Let b = g - n. Calculate the remainder when 3 is divided by b.
0
Calculate the remainder when ((-21)/(-4))/(-1)*-4 is divided by 6.
3
Suppose q - 2 = 2*q, 2*k + 5*q = 36. Let s be 2 + 4 + -1*2. Suppose 0 = -d - s + 16. What is the remainder when k is divided by d?
11
Let m(j) = 2*j**2 + 6*j + 3. Calculate the remainder when 30 is divided by m(-4).
8
Suppose 0 = -4*q + 3 + 1. Suppose -5 = f - q. Let r = f + 6. What is the remainder when 2 is divided by r?
0
Let g = 31 + 37. Suppose 5*h = -2*q + g + 73, -3*q = -5*h - 224. Calculate the remainder when q is divided by 25.
23
Let h = -4 - -6. Suppose -t = -0*t - 5*z + 7, 5*z + h = 4*t. Suppose 2*b + 13 = t*b. Calculate the remainder when 25 is divided by b.
12
Let i be ((-1)/1)/((-2)/38). Suppose 85 - i = -y. Let u = 106 + y. Calculate the remainder when u is divided by 14.
12
Let a = 114 + -88. What is the remainder when 127 is divided by a?
23
Let b(x) = -x**3 - 15*x**2 - 13. Let i(k) = -k**2 + k - 1. Let a(o) = -b(o) + 6*i(o). Calculate the remainder when a(-8) is divided by 12.
11
Suppose -3*l + 5 = -2*s - 7, 3*s = 2*l - 3. Let c be (-10)/((-5)/(15/l)). Suppose -43 - 102 = -c*t. What is the remainder when t is divided by 15?
14
Let j(k) = 2*k**3 + 2*k**2 - 2*k - 1. Suppose 1 + 7 = -4*y. Let l be j(y). Let d = l - -9. What is the remainder when 11 is divided by d?
3
Let o = -13 + 7. Let m be (-2)/(-4) - 18/4. Let k = m - o. What is the remainder when 3 is divided by k?
1
Let f(p) = 10*p + 1. Suppose 2*d - 3*b = 2, 16 = d + 2*d + 2*b. What is the remainder when f(1) is divided by d?
3
Suppose 0*l = -5*l + 25. Let i = -6 + 13. Calculate the remainder when i is divided by l.
2
Let m(c) = -c**3 + 6*c**2 - 3*c + 2. Calculate the remainder when 58 is divided by m(3).
18
Let c be ((-36)/(-45))/((-2)/25). Let z(x) = -x**3 - 9*x**2 + 6*x + 10. What is the remainder when z(c) is divided by 26?
24
Suppose 2*j = 6 - 2. Suppose -2*v - j = 0, 1 = -0*f - f - 4*v. Suppose 24 = f*k + 3. Calculate the remainder when 20 is divided by k.
6
Suppose -4*m + 163 = -9. Calculate the remainder when 83 is divided by m.
40
Suppose 0*w - 2*w + 42 = 0. Calculate the remainder when w is divided by 12.
9
Let k(b) be the first derivative of -2*b**2 - 2*b - 1/4*b**4 - 1 + 2*b**3. What is the remainder when k(4) is divided by 8?
6
Suppose 4*v + 4*g - 50 = 2*g, -4*v + 41 = -g. Suppose 5 = 2*u - v. Calculate the remainder when 192/14 + 4/14 is divided by u.
6
Let a = 5 - 9. Let f be ((-6)/a + -1)*10. Suppose -f*z = -4*z - 4. What is the remainder when 10 is divided by z?
2
Suppose -u - 23 = -f, -6*u + 2*u = 5*f - 124. Let n = -48 + 142. Calculate the remainder when n is divided by f.
22
Suppose 25*h - 28*h + 129 = 0. What is the remainder when h is divided by 11?
10
Let u = 89 + -63. Calculate the remainder when 75 is divided by u.
23
Let j(u) = -3*u + 6. Let z be 